77286 and 498?
498
What is the greatest common factor of 1259 and 773188411?
1259
What is the highest common factor of 1973355 and 19045?
1465
What is the highest common divisor of 93 and 40234063?
31
Calculate the highest common factor of 2821 and 22785854.
91
What is the highest common factor of 89408970 and 9730?
9730
What is the highest common factor of 54715150 and 1050?
350
Calculate the highest common factor of 1426161 and 69.
69
What is the highest common divisor of 18733 and 6573842?
1441
What is the greatest common divisor of 200557 and 4802?
49
What is the highest common divisor of 97470 and 2611835?
1805
What is the highest common factor of 104942 and 178922?
274
Calculate the highest common factor of 7742 and 314678.
98
Calculate the highest common factor of 23598 and 430514.
46
What is the highest common factor of 31165923 and 435?
87
Calculate the highest common factor of 74390560 and 440.
40
Calculate the highest common divisor of 215460 and 938980.
2660
What is the highest common factor of 45550 and 74625?
25
What is the greatest common divisor of 592 and 5292702?
74
Calculate the highest common factor of 1954 and 8854.
2
What is the greatest common divisor of 136 and 1051788181?
17
Calculate the greatest common divisor of 4121034 and 111198.
258
Calculate the greatest common divisor of 35203 and 2787029.
749
Calculate the greatest common divisor of 23868 and 27604668.
2652
What is the highest common factor of 98855633 and 1886?
943
What is the highest common divisor of 13224855 and 49?
49
What is the greatest common factor of 248790 and 32610?
30
Calculate the greatest common factor of 50314 and 43890.
22
Calculate the greatest common factor of 168 and 5815224.
24
What is the greatest common divisor of 116825 and 460?
5
What is the highest common factor of 100664 and 11008?
8
Calculate the highest common divisor of 155573375 and 17900.
4475
What is the highest common factor of 8293011 and 1647?
183
Calculate the greatest common divisor of 5787229 and 3339.
371
What is the highest common factor of 27970876 and 16525?
661
What is the highest common divisor of 1507 and 251460?
11
Calculate the highest common factor of 91001637 and 891.
81
What is the highest common divisor of 146 and 388972324?
146
What is the highest common factor of 110107421 and 2866?
1433
What is the highest common factor of 10995569 and 70590?
2353
Calculate the greatest common divisor of 1202842982 and 22.
22
Calculate the greatest common divisor of 10962 and 5233599.
189
Calculate the greatest common divisor of 2 and 14819366.
2
Calculate the highest common divisor of 4641 and 1826412.
357
Calculate the greatest common factor of 78952 and 187928.
1112
What is the highest common divisor of 158411948 and 538?
538
What is the greatest common factor of 1102 and 5218198?
38
What is the highest common divisor of 516592529 and 218?
109
What is the highest common divisor of 140220 and 12?
12
What is the highest common factor of 7812 and 558636?
12
Calculate the highest common factor of 3099548 and 477500.
764
Calculate the highest common divisor of 1665090 and 1512.
378
Calculate the highest common divisor of 335358 and 137940318.
10818
What is the greatest common factor of 35205870 and 105?
105
Calculate the greatest common divisor of 10670335 and 3614.
1807
What is the greatest common factor of 502582993 and 137?
137
What is the highest common factor of 60705 and 123895?
355
Calculate the highest common factor of 210 and 3969805.
35
What is the greatest common divisor of 50939968 and 2176?
64
Calculate the greatest common divisor of 717152 and 401249.
307
What is the highest common divisor of 17 and 1040831?
1
Calculate the highest common divisor of 650 and 17248140.
130
Calculate the highest common factor of 156 and 3328.
52
What is the highest common divisor of 1984974 and 2911?
41
What is the greatest common divisor of 296 and 88412425?
37
Calculate the highest common divisor of 3165 and 146208230.
1055
Calculate the highest common divisor of 1344553764 and 11196.
3732
What is the highest common divisor of 1053 and 24401546?
13
What is the greatest common factor of 33750 and 590670?
90
Calculate the greatest common factor of 252878 and 2560106.
454
Calculate the greatest common factor of 21972324 and 60.
12
What is the highest common factor of 239353656 and 15156?
5052
What is the greatest common divisor of 10973562 and 60?
6
Calculate the greatest common divisor of 321 and 4647744.
3
Calculate the highest common factor of 155540008 and 481.
481
Calculate the greatest common factor of 2300 and 9925.
25
What is the greatest common divisor of 72536960 and 10?
10
What is the greatest common divisor of 1202366 and 188232?
682
Calculate the highest common divisor of 50751525 and 4125.
825
Calculate the highest common factor of 8458667 and 133.
133
What is the highest common divisor of 169763382 and 108?
18
Calculate the greatest common factor of 4272 and 11696.
16
Calculate the greatest common factor of 111628890 and 4140.
2070
Calculate the highest common divisor of 121 and 270853.
11
Calculate the greatest common divisor of 211 and 9967007.
211
What is the greatest common factor of 1617 and 507759945?
231
Calculate the highest common factor of 525 and 99796875.
75
Calculate the greatest common factor of 559262 and 1936.
242
What is the highest common factor of 3521584 and 421366?
2354
What is the highest common divisor of 1212233980 and 40?
20
What is the highest common factor of 12401936 and 16?
16
Calculate the greatest common divisor of 10509 and 1387374.
93
What is the greatest common divisor of 1065458 and 204?
34
Calculate the highest common factor of 12784 and 759849.
799
Calculate the greatest common divisor of 4080956 and 781.
11
Calculate the greatest common factor of 12 and 160536108.
12
What is the highest common divisor of 38501433 and 26761?
3823
What is the highest common factor of 16072 and 239932?
1148
What is the greatest common factor of 186 and 6020598?
6
What is the highest common divisor of 160899155 and 5?
5
Calculate the highest common divisor of 45 and 757305.
45
What is the greatest common factor of 116604 and 13195440?
1476
Calculate the greatest common divisor of 120474 and 23713.
23
Calculate the greatest common divisor of 12 and 405813642.
6
What is the highest common factor of 7938 and 1030274?
98
What is the highest common divisor of 30912066 and 18?
18
What is the greatest common factor of 46 and 1772081?
23
What is the highest common factor of 16996416 and 3072?
192
What is the greatest common divisor of 3723 and 51268192?
1241
What is the greatest common divisor of 4761342 and 2910?
582
Calculate the greatest common factor of 164 and 99648122.
82
Calculate the greatest common divisor of 25 and 5262415.
5
What is the highest common divisor of 19282797 and 2637?
9
Calculate the greatest common factor of 4561406 and 53751.
437
What is the highest common factor of 484477 and 77?
7
What is the greatest common divisor of 5184 and 486405?
81
Calculate the highest common divisor of 5780 and 27340.
20
What is the greatest common factor of 2916 and 12240?
36
Calculate the highest common factor of 3832 and 44416.
8
Calculate the highest common divisor of 5950708 and 3012.
1004
What is the highest common factor of 174346233 and 3174?
1587
Calculate the greatest common divisor of 169039696 and 19593.
2177
What is the greatest common divisor of 251847 and 1485?
9
What is the highest common divisor of 350711563 and 577?
577
Calculate the greatest common divisor of 400 and 1006128400.
400
What is the greatest common factor of 1249579 and 1165?
233
Calculate the greatest common factor of 52910 and 3326115.
2405
Calculate the highest common factor of 6576098 and 145.
29
What is the greatest common factor of 639449 and 39609?
163
What is the highest common divisor of 5709412 and 64516?
508
What is the greatest common divisor of 28 and 2463316?
4
What is the greatest common divisor of 27941065 and 145?
145
What is the greatest common divisor of 936269 and 119736?
1663
Calculate the greatest common factor of 6640 and 4584256.
1328
Calculate the greatest common divisor of 158479330 and 10.
10
What is the greatest common factor of 50908368 and 